 o(z). What is the highest common divisor of l and 126?
18
Let n(z) = -z**2 + 14*z - 2. Let h be n(3). What is the highest common divisor of 124 and h?
31
Suppose 0 = -6*y + 500 + 634. What is the greatest common factor of y and 63?
63
Let t(v) = v**2 + 40*v + 444. Let g be t(-16). What is the greatest common factor of g and 680?
20
Suppose -3*w = -2*w - y - 28, 180 = 5*w + 5*y. Suppose -w*o + 33*o - 11 = 0. Let n = -31 + 53. What is the highest common factor of o and n?
11
Let a(c) = 5 - 28 + 8*c + 4*c. Let s be a(5). Calculate the greatest common divisor of s and 111.
37
Suppose -2*o + 1080 = 4*o. Calculate the highest common factor of 450 and o.
90
Let f(w) = -w - 26. Let j be f(-11). Let z be (6/j)/((-4)/10). What is the highest common factor of z and 11?
1
Suppose -14*o + 16165 = -7943. Calculate the highest common divisor of 84 and o.
42
Suppose 4*n + 22 = -42. Let h = n - -29. Calculate the highest common divisor of 143 and h.
13
Suppose -2464 = -0*v - 11*v. Calculate the greatest common factor of v and 28.
28
Let a = 687 + -629. Calculate the highest common factor of 406 and a.
58
Suppose -113 = -8*l + 31. Suppose 262 = 3*w - 2*j, -4*w + 329 = -5*j - l. Let r(c) = -c + 8. Let h be r(0). What is the highest common factor of h and w?
8
Let d be (-12)/10*(0/(-17) - 5). What is the highest common divisor of d and 134?
2
Suppose s = 4, -5*a + s = -a + 28. Let r be (1407/a)/(1/2). Let q be r/(-35) + 4/(-10). What is the highest common factor of 13 and q?
13
Suppose 0*m = 4*m - 4*h - 84, -89 = -4*m + 5*h. Suppose 18*w - 88 = -16. Calculate the greatest common divisor of m and w.
4
Let z = 163 + 101. Calculate the greatest common divisor of z and 24.
24
Suppose 2*j = 5*d + 336 + 276, 3*j = -3*d + 960. Suppose 0 = 2*z + 5*x - 188, -4*z = -z - x - j. Calculate the greatest common divisor of 13 and z.
13
Let a = 2511 + -2501. Suppose -3*v + 7*v - 192 = -4*l, -l - 102 = -2*v. Calculate the highest common factor of a and v.
10
Let r(v) = -v**3 - 4*v**2 + 5*v + 5. Let l be r(-5). Let g(x) = -x**3 - 4*x**2 + 10*x + 8. Let q be g(-6). What is the greatest common factor of q and l?
5
Suppose 4*u - 24 = -4*p + 2*p, 3*p = -4*u + 26. Suppose -k - k - p = 0. Let f = 15 - k. What is the highest common divisor of f and 16?
16
Suppose -3*l = -6*l - 6, b = 3*l + 62. Calculate the greatest common factor of 14 and b.
14
Let i be (4 + -1 + 2)*71/1. What is the greatest common divisor of 142 and i?
71
Let u be (3 + -6 + 2)*0. Suppose t + 17 = 2*c, -c - 3*t + u*t = -26. Let m = -81 - -202. What is the highest common factor of m and c?
11
Let a be 2/(-2) + 18/(-12)*-14. Calculate the greatest common factor of 70 and a.
10
Let t(h) = 26*h + 236. Let u be t(4). Suppose 162 = 5*q + 4*j - 2*j, q + 5*j = 14. Calculate the highest common factor of q and u.
34
Let s(u) = 12*u - 146. Let q be s(13). What is the greatest common factor of 490 and q?
10
Suppose -r + 400 = 5*c, 4*c - 7*c + 240 = 3*r. Calculate the greatest common divisor of c and 1520.
80
Let m be (-42720)/(-165) + 3/33. What is the highest common factor of m and 21?
7
Let c = 10 + -2. Let r be 1/2 + 436/c. Suppose 5*q - 62 - 48 = 0. Calculate the highest common divisor of r and q.
11
Let a = 1726 - 1680. What is the greatest common divisor of 23 and a?
23
Let p be 6*(3 - 5/(-15)). Suppose -2*g - p = -4*g. What is the greatest common factor of g and 40?
10
Let f = 2191 - 2015. What is the highest common divisor of 112 and f?
16
Let j be 66/(-12)*1*2. Let z be 35/(-20)*j*8. What is the highest common factor of 14 and z?
14
Let t(j) = j**3 + 8*j**2 - 2*j + 2. Let r be t(-8). Let s be ((54/8)/(-1))/((-1)/4). Calculate the greatest common factor of s and r.
9
Let v(r) = 4*r**2 + 9*r + 1. Let t(z) = -z**2 - z. Let f(b) = -5*t(b) - v(b). Let h be f(-3). Calculate the greatest common factor of 20 and h.
20
Let u = -24 + 24. Suppose -2*v + 44 + 26 = u. Calculate the greatest common factor of 70 and v.
35
Let n(u) be the third derivative of u**5/60 - u**4/6 + u**3/3 - 2*u**2. Let w be n(6). Let i be (3/2)/(w/84). Calculate the highest common divisor of 72 and i.
9
Let b be 12/60 + (-888)/(-10). Suppose 93*p - 188 = b*p. Calculate the greatest common factor of p and 376.
47
Suppose 525 = -12*o + 2241. What is the greatest common factor of 26 and o?
13
Suppose -5*r = 5*i + 630, -2*r - 124 = -5*i + 6*i. Let x = i - -133. Calculate the greatest common factor of 55 and x.
5
Let u be (4/(-8))/(1/(-34)). Let j = 51 - 34. What is the greatest common factor of u and j?
17
Suppose 4*m + 29*m = 1848. What is the highest common factor of m and 364?
28
Let q(a) = -a**3 + 8*a**2 - 4*a + 2. Let v be q(7). Let g be 92/(8/3*5/(40/4)). Calculate the highest common divisor of g and v.
23
Suppose -y - 5*i - 10 = -0, 7 = 2*y + i. Suppose 3*h - y*h + 10 = 0. Calculate the greatest common divisor of 10 and h.
5
Let c = -423 + 424. Calculate the greatest common factor of c and 32.
1
Suppose -n + 3 = -0. Suppose n*u + 2*u = v + 7, 4*u = v + 6. Let i be (-3 + 6 - -41) + u. What is the greatest common divisor of 30 and i?
15
Let p be -1 - (-3 + -6)*8/6. Let x be ((-1)/2)/((-1)/(-12)). Let a be 1927/p + x/33. Calculate the greatest common divisor of a and 25.
25
Let u be (9 + 1)*(-1 - (-7)/5). Suppose 0 = 2*v + u*v - 42. What is the greatest common divisor of v and 7?
7
Let z(f) = -891*f - 37. Let g be z(-1). What is the highest common divisor of 14 and g?
14
Let h = -195 - -204. What is the highest common divisor of 99 and h?
9
Let p = 18 + -77. Let v = -9 - p. Calculate the highest common factor of v and 125.
25
Let s(p) = p**3 + p**2 - 7*p + 7. Let u be s(3). Calculate the highest common divisor of u and 242.
22
Let o = 311 - 191. What is the greatest common divisor of 90 and o?
30
Suppose -14*y + 11*y + 18 = 0. Suppose 0 = -2*z + 2*f - y, z - f - 2*f + 13 = 0. Let m = -5 + 13. Calculate the highest common factor of m and z.
2
Suppose 4*g = -341 + 109. Let f = g - -78. Calculate the greatest common divisor of f and 100.
20
Suppose 3*h + 58 - 40 = 0. Let s(n) = -n**3 - 5*n**2 + 3*n - 13. Let g be s(h). What is the highest common factor of g and 10?
5
Suppose 0*r + 3*l = -r + 2, -l = 2*r - 4. Suppose 0 = -2*g + 2*f + 6, -r + 5 = 2*g - 3*f. Calculate the highest common divisor of g and 30.
6
Let q = -24 + 28. Let k be 2 - (0 - -1 - q). Let o = -11 + 46. Calculate the greatest common divisor of k and o.
5
Suppose 3*u - 200 + 67 = 2*x, 5*x - 185 = -4*u. Let w be ((-6)/(-9))/(2/u). Let z be 2 + -1 + 2 - 0. Calculate the greatest common factor of z and w.
3
Let y = -501 - -654. What is the greatest common factor of y and 12?
3
Let u = 6 - 2. Let j be 2 - (u - (2 - 4)). Let r be (9/6)/((-1)/j). Calculate the highest common factor of r and 66.
6
Let r be -3 - (-3)/(12/(-64)). Let z = r - -6. Let p = z - -25. Calculate the highest common factor of 108 and p.
12
Let f = 1 - -2. Suppose 0 = -10*a + 1 - 41. Let j be 965/20 - f/a. Calculate the highest common factor of j and 7.
7
Let l = -63 + 33. Let o be 56 + l - 5*1. Calculate the highest common divisor of o and 84.
21
Let m = -131 - -235. Let h = 224 - m. Calculate the greatest common divisor of h and 15.
15
Let w = -8 + 65. Let x be (47 - 1)/(1 - 0). Let u = x + -27. What is the greatest common factor of u and w?
19
Let y = 446 + -182. What is the highest common divisor of y and 66?
66
Let c be (-16)/6*18/(-8). Let n(a) = a**2 + 4*a - 3. Let w be n(-7). Suppose -36 = -3*s + w. Calculate the greatest common divisor of c and s.
6
Suppose -8*g + 1313 = -559. Let h(m) = -m + 9. Let k be h(8). Let p be (g/(-52))/(k/(-2)). Calculate the greatest common divisor of p and 9.
9
Suppose 2*w + 3*f + 5 = -10, 2*w = 5*f - 7. Let o = w + 11. Let p(i) = -i**2 + 14*i - 9. Let j be p(7). What is the highest common factor of j and o?
5
Suppose 175 + 250 = -5*d. Let n = 88 + d. Calculate the highest common factor of n and 75.
3
Suppose 2*g = 5 + 3. Suppose -g*n = -o - 4, -3*n - 4*o + 18 = -o. Suppose n*h + 2*w - 3 = 1, 3*h = 4*w + 6. What is the highest common factor of 18 and h?
2
Let k be 5/((-10)/(-264)) - (1 - -1). Calculate the greatest common factor of k and 78.
26
Let k be 3/(1*3/20). Let c = -27 - -247. Calculate the highest common factor of c and k.
20
Let t = -88 - -83. Let q be t*13*5/(-25). What is the hig